{"id":1217,"date":"2021-01-16T15:10:36","date_gmt":"2021-01-16T14:10:36","guid":{"rendered":"http:\/\/cera-aikibudo.com\/?page_id=1217"},"modified":"2021-01-16T20:24:03","modified_gmt":"2021-01-16T19:24:03","slug":"ressources","status":"publish","type":"page","link":"https:\/\/cera-aikibudo.com\/index.php\/ressources\/","title":{"rendered":"Ressources"},"content":{"rendered":"\n<p>Livres, photos, vid\u00e9os traitant principalement de l&rsquo;A\u00efkibudo sont pr\u00e9sent\u00e9s ici.<\/p>\n\n\n\n<p>Vous y trouverez les ouvrages du Ma\u00eetre, ainsi que des vid\u00e9os s\u00e9lectionn\u00e9es pour leur qualit\u00e9 technique. Des photos sont aussi \u00e0 votre disposition pour illustrer vos m\u00e9moires, votre site ou tout simplement pour votre collection.<\/p>\n\n\n\n<p>N&rsquo;h\u00e9sitez pas \u00e0 nous faire parvenir vos documents que nous publierons (avec votre autorisation) avec plaisir.<\/p>\n","protected":false},"excerpt":{"rendered":"<p>Livres, photos, vid\u00e9os traitant principalement de l&rsquo;A\u00efkibudo sont pr\u00e9sent\u00e9s ici. Vous y trouverez les ouvrages du Ma\u00eetre, ainsi que des vid\u00e9os s\u00e9lectionn\u00e9es pour leur qualit\u00e9 technique. Des photos sont aussi \u00e0 votre disposition pour illustrer vos m\u00e9moires, votre site ou tout simplement pour votre collection. N&rsquo;h\u00e9sitez pas \u00e0 nous faire parvenir vos documents que nous &hellip; <\/p>\n<p class=\"link-more\"><a href=\"https:\/\/cera-aikibudo.com\/index.php\/ressources\/\" class=\"more-link\">Continuer la lecture<span class=\"screen-reader-text\"> de &laquo;&nbsp;Ressources&nbsp;&raquo;<\/span><\/a><\/p>\n","protected":false},"author":5,"featured_media":0,"parent":0,"menu_order":0,"comment_status":"closed","ping_status":"closed","template":"","meta":{"_uag_custom_page_level_css":"","footnotes":""},"class_list":["post-1217","page","type-page","status-publish","hentry"],"uagb_featured_image_src":{"full":false,"thumbnail":false,"medium":false,"medium_large":false,"large":false,"1536x1536":false,"2048x2048":false,"twentyseventeen-featured-image":false,"twentyseventeen-thumbnail-avatar":false,"rpwe-thumbnail":false},"uagb_author_info":{"display_name":"Thierry POIREL","author_link":"https:\/\/cera-aikibudo.com\/index.php\/author\/administrateur\/"},"uagb_comment_info":0,"uagb_excerpt":"Livres, photos, vid\u00e9os traitant principalement de l&rsquo;A\u00efkibudo sont pr\u00e9sent\u00e9s ici. Vous y trouverez les ouvrages du Ma\u00eetre, ainsi que des vid\u00e9os s\u00e9lectionn\u00e9es pour leur qualit\u00e9 technique. Des photos sont aussi \u00e0 votre disposition pour illustrer vos m\u00e9moires, votre site ou tout simplement pour votre collection. N&rsquo;h\u00e9sitez pas \u00e0 nous faire parvenir vos documents que nous\u2026","_links":{"self":[{"href":"https:\/\/cera-aikibudo.com\/index.php\/wp-json\/wp\/v2\/pages\/1217","targetHints":{"allow":["GET"]}}],"collection":[{"href":"https:\/\/cera-aikibudo.com\/index.php\/wp-json\/wp\/v2\/pages"}],"about":[{"href":"https:\/\/cera-aikibudo.com\/index.php\/wp-json\/wp\/v2\/types\/page"}],"author":[{"embeddable":true,"href":"https:\/\/cera-aikibudo.com\/index.php\/wp-json\/wp\/v2\/users\/5"}],"replies":[{"embeddable":true,"href":"https:\/\/cera-aikibudo.com\/index.php\/wp-json\/wp\/v2\/comments?post=1217"}],"version-history":[{"count":2,"href":"https:\/\/cera-aikibudo.com\/index.php\/wp-json\/wp\/v2\/pages\/1217\/revisions"}],"predecessor-version":[{"id":1289,"href":"https:\/\/cera-aikibudo.com\/index.php\/wp-json\/wp\/v2\/pages\/1217\/revisions\/1289"}],"wp:attachment":[{"href":"https:\/\/cera-aikibudo.com\/index.php\/wp-json\/wp\/v2\/media?parent=1217"}],"curies":[{"name":"wp","href":"https:\/\/api.w.org\/{rel}","templated":true}]}}