{"id":564,"date":"2020-12-30T11:29:42","date_gmt":"2020-12-30T10:29:42","guid":{"rendered":"http:\/\/cera-aikibudo.com\/?page_id=564"},"modified":"2022-12-07T20:50:48","modified_gmt":"2022-12-07T19:50:48","slug":"espace-adherent","status":"publish","type":"page","link":"https:\/\/cera-aikibudo.com\/index.php\/espace-adherent\/","title":{"rendered":"Espace adh\u00e9rent"},"content":{"rendered":"\r\n<p>L\u2019adh\u00e9sion au CERA vous permet de b\u00e9n\u00e9ficier de soutenir l\u2019association et d\u2019acc\u00e9der \u00e0 du contenu exclusif, annot\u00e9 par (a)<\/p>\r\n\r\n\r\n\r\n<ul class=\"wp-block-list\" id=\"block-46e3328a-412b-4a24-9767-62c9ae9b4788\">\r\n<li>La lettre du CERA<\/li>\r\n<li>Les cahiers du CERA<\/li>\r\n<li>Les articles de magazines<\/li>\r\n<\/ul>\r\n\r\n\r\n\r\n<p>Pour devenir adh\u00e9rent, vous pouvez :<\/p>\r\n<ul>\r\n<li><span style=\"font-size: 1rem;\">payer par voie postale en remplissant le <\/span>formulaire <a href=\"http:\/\/cera-aikibudo.com\/wp-content\/uploads\/2022\/12\/CERA_Bulletin-adhesion_2023.pdf\">en cliquant ici<\/a><span style=\"font-size: 1rem;\">\u00a0puis l\u2019envoyer par la poste accompagn\u00e9 d\u2019un ch\u00e8que.<\/span><\/li>\r\n<li>payer en ligne avec votre carte bleue <a href=\"https:\/\/www.payasso.fr\/cera-aikibudo\/adhesion\">en cliquant ici\u00a0<\/a><\/li>\r\n<\/ul>\r\n\r\n\r\n\r\n<p>Si vous souhaitez vous inscrire au site et acc\u00e9der au contenu annot\u00e9 par (i), il suffit pour cela de\u00a0<a href=\"http:\/\/cera-aikibudo.com\/index.php\/membership-join\/membership-registration\/\">remplir votre demande en cliquant ici.<\/a> Vous pouvez d\u2019ailleurs vous inscrire et devenir ensuite adh\u00e9rent.<\/p>\r\n","protected":false},"excerpt":{"rendered":"<p>L\u2019adh\u00e9sion au CERA vous permet de b\u00e9n\u00e9ficier de soutenir l\u2019association et d\u2019acc\u00e9der \u00e0 du contenu exclusif, annot\u00e9 par (a) La lettre du CERA Les cahiers du CERA Les articles de magazines Pour devenir adh\u00e9rent, vous pouvez : payer par voie postale en remplissant le formulaire en cliquant ici\u00a0puis l\u2019envoyer par la poste accompagn\u00e9 d\u2019un ch\u00e8que. &hellip; <\/p>\n<p class=\"link-more\"><a href=\"https:\/\/cera-aikibudo.com\/index.php\/espace-adherent\/\" class=\"more-link\">Continuer la lecture<span class=\"screen-reader-text\"> de &laquo;&nbsp;Espace adh\u00e9rent&nbsp;&raquo;<\/span><\/a><\/p>\n","protected":false},"author":5,"featured_media":0,"parent":0,"menu_order":0,"comment_status":"closed","ping_status":"closed","template":"","meta":{"_uag_custom_page_level_css":"","footnotes":""},"class_list":["post-564","page","type-page","status-publish","hentry"],"uagb_featured_image_src":{"full":false,"thumbnail":false,"medium":false,"medium_large":false,"large":false,"1536x1536":false,"2048x2048":false,"twentyseventeen-featured-image":false,"twentyseventeen-thumbnail-avatar":false,"rpwe-thumbnail":false},"uagb_author_info":{"display_name":"Thierry POIREL","author_link":"https:\/\/cera-aikibudo.com\/index.php\/author\/administrateur\/"},"uagb_comment_info":0,"uagb_excerpt":"L\u2019adh\u00e9sion au CERA vous permet de b\u00e9n\u00e9ficier de soutenir l\u2019association et d\u2019acc\u00e9der \u00e0 du contenu exclusif, annot\u00e9 par (a) La lettre du CERA Les cahiers du CERA Les articles de magazines Pour devenir adh\u00e9rent, vous pouvez : payer par voie postale en remplissant le formulaire en cliquant ici\u00a0puis l\u2019envoyer par la poste accompagn\u00e9 d\u2019un ch\u00e8que.\u2026","_links":{"self":[{"href":"https:\/\/cera-aikibudo.com\/index.php\/wp-json\/wp\/v2\/pages\/564","targetHints":{"allow":["GET"]}}],"collection":[{"href":"https:\/\/cera-aikibudo.com\/index.php\/wp-json\/wp\/v2\/pages"}],"about":[{"href":"https:\/\/cera-aikibudo.com\/index.php\/wp-json\/wp\/v2\/types\/page"}],"author":[{"embeddable":true,"href":"https:\/\/cera-aikibudo.com\/index.php\/wp-json\/wp\/v2\/users\/5"}],"replies":[{"embeddable":true,"href":"https:\/\/cera-aikibudo.com\/index.php\/wp-json\/wp\/v2\/comments?post=564"}],"version-history":[{"count":21,"href":"https:\/\/cera-aikibudo.com\/index.php\/wp-json\/wp\/v2\/pages\/564\/revisions"}],"predecessor-version":[{"id":1966,"href":"https:\/\/cera-aikibudo.com\/index.php\/wp-json\/wp\/v2\/pages\/564\/revisions\/1966"}],"wp:attachment":[{"href":"https:\/\/cera-aikibudo.com\/index.php\/wp-json\/wp\/v2\/media?parent=564"}],"curies":[{"name":"wp","href":"https:\/\/api.w.org\/{rel}","templated":true}]}}