{"id":771,"date":"2021-01-02T14:34:39","date_gmt":"2021-01-02T13:34:39","guid":{"rendered":"http:\/\/cera-aikibudo.com\/?page_id=771"},"modified":"2021-01-16T21:38:19","modified_gmt":"2021-01-16T20:38:19","slug":"historique-2","status":"publish","type":"page","link":"https:\/\/cera-aikibudo.com\/index.php\/historique-2\/","title":{"rendered":"Historique"},"content":{"rendered":"\n<p><strong>\u00ab&nbsp;Le Da\u00eft\u00f4-ry\u00fb Aiki-Jujutsu et le Katori Shint\u00f4-ry\u00fb sont les deux berges d\u2019un fleuve dont le Y\u00f4seikan Shint\u00f4-ry\u00fb est le lit et dans lequel s\u2019\u00e9coule l\u2019a\u00efkibudo. Les berges de ce fleuve sont les rails de la tradition et l\u2019A\u00efkibud\u00f4, le flux de la modernit\u00e9.&nbsp;\u00bb<\/strong><\/p>\n\n\n\n<p><em>Pens\u00e9es en mouvement<\/em>. A.Floquet. Budo ed. 2006<\/p>\n\n\n\n<figure class=\"wp-block-image size-large\"><img loading=\"lazy\" decoding=\"async\" width=\"1024\" height=\"666\" src=\"http:\/\/cera-aikibudo.com\/wp-content\/uploads\/2020\/12\/cropped-A-Floquet-1024x666.jpg\" alt=\"\" class=\"wp-image-571\" srcset=\"https:\/\/cera-aikibudo.com\/wp-content\/uploads\/2020\/12\/cropped-A-Floquet-1024x666.jpg 1024w, https:\/\/cera-aikibudo.com\/wp-content\/uploads\/2020\/12\/cropped-A-Floquet-300x195.jpg 300w, https:\/\/cera-aikibudo.com\/wp-content\/uploads\/2020\/12\/cropped-A-Floquet-768x500.jpg 768w, https:\/\/cera-aikibudo.com\/wp-content\/uploads\/2020\/12\/cropped-A-Floquet-1536x999.jpg 1536w, https:\/\/cera-aikibudo.com\/wp-content\/uploads\/2020\/12\/cropped-A-Floquet.jpg 2000w\" sizes=\"auto, (max-width: 767px) 89vw, (max-width: 1000px) 54vw, (max-width: 1071px) 543px, 580px\" \/><\/figure>\n","protected":false},"excerpt":{"rendered":"<p>\u00ab&nbsp;Le Da\u00eft\u00f4-ry\u00fb Aiki-Jujutsu et le Katori Shint\u00f4-ry\u00fb sont les deux berges d\u2019un fleuve dont le Y\u00f4seikan Shint\u00f4-ry\u00fb est le lit et dans lequel s\u2019\u00e9coule l\u2019a\u00efkibudo. Les berges de ce fleuve sont les rails de la tradition et l\u2019A\u00efkibud\u00f4, le flux de la modernit\u00e9.&nbsp;\u00bb Pens\u00e9es en mouvement. A.Floquet. Budo ed. 2006<\/p>\n","protected":false},"author":5,"featured_media":0,"parent":0,"menu_order":0,"comment_status":"closed","ping_status":"closed","template":"","meta":{"_uag_custom_page_level_css":"","footnotes":""},"class_list":["post-771","page","type-page","status-publish","hentry"],"uagb_featured_image_src":{"full":false,"thumbnail":false,"medium":false,"medium_large":false,"large":false,"1536x1536":false,"2048x2048":false,"twentyseventeen-featured-image":false,"twentyseventeen-thumbnail-avatar":false,"rpwe-thumbnail":false},"uagb_author_info":{"display_name":"Thierry POIREL","author_link":"https:\/\/cera-aikibudo.com\/index.php\/author\/administrateur\/"},"uagb_comment_info":0,"uagb_excerpt":"\u00ab&nbsp;Le Da\u00eft\u00f4-ry\u00fb Aiki-Jujutsu et le Katori Shint\u00f4-ry\u00fb sont les deux berges d\u2019un fleuve dont le Y\u00f4seikan Shint\u00f4-ry\u00fb est le lit et dans lequel s\u2019\u00e9coule l\u2019a\u00efkibudo. Les berges de ce fleuve sont les rails de la tradition et l\u2019A\u00efkibud\u00f4, le flux de la modernit\u00e9.&nbsp;\u00bb Pens\u00e9es en mouvement. A.Floquet. Budo ed. 2006","_links":{"self":[{"href":"https:\/\/cera-aikibudo.com\/index.php\/wp-json\/wp\/v2\/pages\/771","targetHints":{"allow":["GET"]}}],"collection":[{"href":"https:\/\/cera-aikibudo.com\/index.php\/wp-json\/wp\/v2\/pages"}],"about":[{"href":"https:\/\/cera-aikibudo.com\/index.php\/wp-json\/wp\/v2\/types\/page"}],"author":[{"embeddable":true,"href":"https:\/\/cera-aikibudo.com\/index.php\/wp-json\/wp\/v2\/users\/5"}],"replies":[{"embeddable":true,"href":"https:\/\/cera-aikibudo.com\/index.php\/wp-json\/wp\/v2\/comments?post=771"}],"version-history":[{"count":3,"href":"https:\/\/cera-aikibudo.com\/index.php\/wp-json\/wp\/v2\/pages\/771\/revisions"}],"predecessor-version":[{"id":888,"href":"https:\/\/cera-aikibudo.com\/index.php\/wp-json\/wp\/v2\/pages\/771\/revisions\/888"}],"wp:attachment":[{"href":"https:\/\/cera-aikibudo.com\/index.php\/wp-json\/wp\/v2\/media?parent=771"}],"curies":[{"name":"wp","href":"https:\/\/api.w.org\/{rel}","templated":true}]}}